1, what is 9 - 43909?
-43900
In base 11, what is 89a5 - -2?
89a7
In base 16, what is -54f + -ad?
-5fc
In base 5, what is -110 - 211312?
-211422
In base 6, what is -4 + 312031?
312023
In base 10, what is -4522 - 7?
-4529
In base 13, what is 36a11 + -1?
36a10
In base 8, what is -35211 - -5?
-35204
In base 2, what is 1110100100 - 11001011000?
-1010110100
In base 10, what is -937 - -2?
-935
In base 5, what is 2441141 + 32?
2441223
In base 6, what is -50 + -54521?
-55011
In base 4, what is 10302 + 1113?
12021
In base 9, what is 118 + -2266?
-2147
In base 2, what is -10101101000 + -101001?
-10110010001
In base 3, what is 101 + -2100020201?
-2100020100
In base 5, what is 40 - 112?
-22
In base 11, what is 4 - -79596a?
795973
In base 7, what is 3 + -5156?
-5153
In base 4, what is -3 - -11222222?
11222213
In base 16, what is 4a + -15f5?
-15ab
In base 11, what is -677 - -64a?
-28
In base 10, what is -555 + -1608?
-2163
In base 5, what is 344 + -11312?
-10413
In base 8, what is -1621242 + -2?
-1621244
In base 14, what is 5d + -76?
-17
In base 8, what is -451755 - -11?
-451744
In base 14, what is 2 - 1638?
-1636
In base 4, what is 231002 - 31?
230311
In base 5, what is -10312221 + -20?
-10312241
In base 4, what is 30213 + -33?
30120
In base 6, what is 0 + -5210152?
-5210152
In base 15, what is 3c - -1dc5?
1e12
In base 2, what is 1110100001010 + 1111?
1110100011001
In base 3, what is -11011211020 + -10?
-11011211100
In base 2, what is -11 - -111001101001111?
111001101001100
In base 11, what is 714 - -184?
898
In base 9, what is -1044 - 5332?
-6376
In base 5, what is -2 + 223033?
223031
In base 4, what is 11302033 - 120?
11301313
In base 8, what is -65543 + 5?
-65536
In base 16, what is 5 + 17b02?
17b07
In base 2, what is 11010100 + 11110?
11110010
In base 9, what is -1 + 143513?
143512
In base 2, what is -1000 - 100101010111?
-100101011111
In base 16, what is 434 + -6?
42e
In base 16, what is -1dc + -19?
-1f5
In base 5, what is -2 + 1120302?
1120300
In base 16, what is 41 - ac2a?
-abe9
In base 11, what is -429 + 813?
395
In base 14, what is -16 + -dd98?
-ddb0
In base 8, what is -214 - -731?
515
In base 2, what is 101 - 1111001101111?
-1111001101010
In base 10, what is 29 + 2784?
2813
In base 13, what is -28a5 + -8?
-28b0
In base 8, what is 1271 + -1753?
-462
In base 9, what is -32 - -8?
-23
In base 16, what is 4a + e8?
132
In base 11, what is 28880 + 2?
28882
In base 8, what is -6745 + -137?
-7104
In base 12, what is 17667b + 1?
176680
In base 14, what is -10 + -30223?
-30233
In base 10, what is 1599 - -7?
1606
In base 14, what is 310 + -268?
86
In base 16, what is 14 + -24?
-10
In base 4, what is -3110330030 + 10?
-3110330020
In base 8, what is -175766 - -4?
-175762
In base 2, what is -1011110110001100 + -111?
-1011110110010011
In base 4, what is -2030323013 - 1?
-2030323020
In base 3, what is 1020221 - 211?
1020010
In base 2, what is -1110101101 - 1101?
-1110111010
In base 15, what is bea6 + -5?
bea1
In base 7, what is 16512521 + -4?
16512514
In base 6, what is -343312 + -1?
-343313
In base 5, what is -1142 + -1100130?
-1101322
In base 7, what is 460505 + 12?
460520
In base 6, what is -505 - -20110?
15201
In base 2, what is 1100101010100010 - 100?
1100101010011110
In base 6, what is 554543 - -3?
554550
In base 16, what is 35 - ec7?
-e92
In base 3, what is 11020 - 202220112?
-202202022
In base 10, what is 49 + 106210?
106259
In base 10, what is -4128 + -7?
-4135
In base 7, what is 422 + -2102?
-1350
In base 5, what is -21030111 + -32?
-21030143
In base 3, what is 11110200120 + -2?
11110200111
In base 13, what is -4a4 + 621?
14a
In base 8, what is -7 - -6203?
6174
In base 7, what is 500 + 432?
1232
In base 2, what is 1010001000101 - -101010001?
1010110010110
In base 11, what is -2 + 364902?
364900
In base 7, what is 406235 - 26?
406206
In base 8, what is 24 + -6645?
-6621
In base 2, what is 11100110100111 - 100?
11100110100011
In base 4, what is 11 + 12313023?
12313100
In base 4, what is 200202110 + 2?
200202112
In base 9, what is 148 - -1487?
1646
In base 2, what is -1000111110 + 110111011?
-10000011
In base 7, what is -15 - 11311?
-11326
In base 9, what is 8744 - 43?
8701
In base 8, what is 7165 + -60?
7105
In base 15, what is 547c + 14?
5491
In base 10, what is -3012 - -40?
-2972
In base 10, what is 27 - 62113?
-62086
In base 7, what is 541231 - 6?
541222
In base 5, what is -2401132 + 2?
-2401130
In base 16, what is 2 + 2903?
2905
In base 14, what is 1 - -3ba1?
3ba2
In base 8, what is 3 + -55207?
-55204
In base 8, what is 1 - -125704?
125705
In base 14, what is -9 - -49d?
494
In base 15, what is -6 + -63d?
-644
In base 3, what is 1222201102 + 200?
1222202002
In base 4, what is -2133 + 1030220?
1022021
In base 4, what is 10 - -30332033?
30332103
In base 8, what is -2 - -52217?
52215
In base 9, what is -1503 + -671?
-2274
In base 10, what is 11544 - 210?
11334
In base 9, what is 2 - 36543?
-36541
In base 12, what is 4 + ab6?
aba
In base 12, what is 750 - -777?
1307
In base 12, what is 379b - 173?
3628
In base 4, what is 21203332 - 230?
21203102
In base 5, what is 3 + 14341404?
14341412
In base 12, what is 640 - -57?
697
In base 11, what is -96 - a66?
-1051
In base 8, what is 477 - 33?
444
In base 4, what is -231 - 233?
-1130
In base 10, what is -6 + -32341?
-32347
In base 13, what is -8 + 10639?
10631
In base 6, what is 23 - -1415453?
1415520
In base 5, what is -1 - 21103201?
-21103202
In base 14, what is -911 + 4d?
-8a2
In base 7, what is -112 - -160520?
160405
In base 2, what is 1000011100011111110 + 101?
1000011100100000011
In base 7, what is -1641 + -126?
-2100
In base 5, what is -421303 + -4242?
-431100
In base 8, what is 170 + -215324?
-215134
In base 7, what is -53 + -554?
-640
In base 3, what is 0 + -200001012000?
-200001012000
In base 12, what is -4 + 3413b?
34137
In base 8, what is 71430 - 12?
71416
In base 6, what is -43 + 155031?
154544
In base 7, what is -2 + -4544645?
-4544650
In base 9, what is 17274 - 0?
17274
In base 4, what is -21112 + -13032?
-100210
In base 11, what is -309a - 2?
-30a1
In base 11, what is -63a10 - 14?
-63a24
In base 9, what is 34 - 254446?
-254412
In base 15, what is -52c4 - 1d8?
-54ac
In base 2, what is 100111100101 - 111100110?
11111111111
In base 10, what is -3057 + -40?
-3097
In base 7, what is -1 - -4306115?
4306114
In base 7, what is -426 - -502?
43
In base 8, what is 205757 - 0?
205757
In base 12, what is -5 - 3430a6?
-3430ab
In base 12, what is -1366bb + a?
-1366b1
In base 10, what is 1393251 - -1?
1393252
In base 2, what is 10000100 + -11011?
1101001
In base 6, what is 4301 - -20?
4321
In base 13, what is 25c3 + -3?
25c0
In base 5, what is 11033 - -30?
11113
In base 2, what is 101100100111100 - -101?
101100101000001
In base 10, what is 6 - -22395?
22401
In base 15, what is -698 - -3d9?
-2ae
In base 3, what is -1111210 + -1221?
-1120201
In base 12, what is 241 + 79?
2ba
In base 14, what is -c - -9a95?
9a87
In base 12, what is -8b + 1485?
13b6
In base 8, what is 1 + -57065?
-57064
In base 12, what is 3 + b326?
b329
In base 9, what is -43614 - 4?
-43618
In base 15, what is -4 - -370b?
3707
In base 15, what is -216 - -62?
-1a4
In base 4, what is 11 - 3220303?
-3220232
In base 10, what is -208 - -4?
-204
In base 15, what is 4309 + 6?
4310
In base 7, what is -44 + -103210?
-103254
In base 10, what is -46 - -2519?
2473
In base 13, what is 270a3b - -b?
270a49
In base 13, what is 10c63 + -3?
10c60
In base 7, what is -1 + 2200040?
2200036
In base 6, what is 201 - -230?
431
In base 14, what is 3233 + -18?
3219
In base 11, what is -427 + 386?
-51
In base 11, what is -2 - -59167?
59165
In base 16, what is 24a996 - -2?
24a998
In base 11, what is 1 + -2701?
-2700
In base 4, what is 231302 + -111?
231131
In base 14, what is -8 + 39c7?
39bd
In base 3, what is -20 + 1010022000?
1010021210
In base 5, what is -102314 - -310?
-102004
In base 7, what is 1126213 + 1?
1126214
In base 12, what is 106 + 2b25?
302b
In base 12, what is -5a2429 + -2?
-5a242b
In base 3, what is 1200 + -100200112?
-100121212
In base 14, what is -2 + -607?
-609
In base 13, what is 456530 - -3?
456533
In base 7, what is 4113360 + 3?
4113363
In base 15, what is -a4 + -27d?
-332
In base 2, what is -1 + 101111100010101111?
101111100010101110
In base 4, what 